{"id":774,"date":"2018-08-31T14:03:08","date_gmt":"2018-08-31T17:03:08","guid":{"rendered":"https:\/\/ies6023-sal.infd.edu.ar\/sitio\/profesorado-de-tercer-ciclo-de-la-e-g-b-y-educ-polimodal-en-lengua-resolucion-no-1533\/"},"modified":"2025-11-14T11:52:16","modified_gmt":"2025-11-14T14:52:16","slug":"profesorado-de-tercer-ciclo-de-la-e-g-b-y-educ-polimodal-en-lengua","status":"publish","type":"page","link":"https:\/\/ies6023-sal.infd.edu.ar\/sitio\/profesorado-de-tercer-ciclo-de-la-e-g-b-y-educ-polimodal-en-lengua\/","title":{"rendered":"Profesorado de Educaci\u00f3n Secundaria en Lengua y Literatura"},"content":{"rendered":"<p><meta charset=\"UTF-8\"><br \/>\n<meta name=\"viewport\" content=\"width=device-width, initial-scale=1.0\"><br \/>\n<title>Profesorado de Educaci\u00f3n Secundaria en Lengua y Literatura<\/title><br \/>\n<!-- Carga de Tailwind CSS para un dise\u00f1o responsive y moderno --><br \/>\n<script src=\"https:\/\/cdn.tailwindcss.com\"><\/script><\/p>\n<style>\n        \/* Estilos personalizados para la tipograf\u00eda y colores *\/<br \/>\n        :root {<br \/>\n            --primary-color: #f59e0b; \/* Amber-500 (Tono institucional) *\/<br \/>\n            --secondary-color: #d97706; \/* Amber-600, color de hover *\/<br \/>\n            --bg-color: #f9fafb; \/* Gray-50 *\/<br \/>\n        }<br \/>\n        body {<br \/>\n            font-family: 'Inter', sans-serif;<br \/>\n            background-color: var(--bg-color);<br \/>\n            margin: 0;<br \/>\n            padding: 0;<br \/>\n        }<br \/>\n        \/* Ocultar las secciones de anclaje para que solo sirvan de destino *\/<br \/>\n        section {<br \/>\n            display: block;<br \/>\n            height: 0;<br \/>\n            \/* Se mantiene el ajuste para que el ancla se sit\u00fae correctamente debajo de la barra 'mi-boton' *\/<br \/>\n            margin-top: -64px;<br \/>\n            padding-top: 64px;<br \/>\n            visibility: hidden;<br \/>\n        }<br \/>\n        \/* Estilo para los encabezados del contenido principal *\/<br \/>\n        h2 {<br \/>\n            border-bottom: 2px solid var(--primary-color);<br \/>\n            padding-bottom: 0.5rem;<br \/>\n        }<\/p>\n<p>        \/* Estilos de hover para la barra de navegaci\u00f3n de la carrera *\/<br \/>\n        .mi-boton a:hover {<br \/>\n            color: var(--secondary-color);<br \/>\n        }<\/p>\n<p>        \/* Estilo para las filas de materias con el color de la carrera (Amber-50) *\/<br \/>\n        .fila-materia:nth-child(even) {<br \/>\n             background-color: #fffbeb; \/* Amber-50 (Muy claro) *\/<br \/>\n        }<br \/>\n        .fila-materia:nth-child(odd) {<br \/>\n             background-color: #ffffff;<br \/>\n        }<br \/>\n    <\/style>\n<p><!-- ========================================================================= --><br \/>\n<!-- CONTENIDO DE LA CARRERA (Profesorado de Lengua y Literatura) --><br \/>\n<!-- Se elimin\u00f3 el header principal --><br \/>\n<!-- ========================================================================= --><\/p>\n<div class=\"padre max-w-7xl mx-auto p-4 sm:p-6 lg:p-8\">\n<p>    <!-- Navegaci\u00f3n de la Carrera (Mi Bot\u00f3n) - Sticky, color AMBAR --><\/p>\n<nav class=\"mi-boton sticky top-0 bg-white shadow-xl z-20 p-3 rounded-xl flex flex-wrap justify-center gap-4 border-b-4 border-amber-500 mb-8\">\n        <a href=\"#Primer a\u00f1o\" class=\"text-gray-700 hover:text-amber-600 font-semibold transition duration-200\">Primer a\u00f1o<\/a><br \/>\n<a href=\"#Segundo a\u00f1o\" class=\"text-gray-700 hover:text-amber-600 font-semibold transition duration-200\">Segundo a\u00f1o<\/a><br \/>\n<a href=\"#Tercer a\u00f1o\" class=\"text-gray-700 hover:text-amber-600 font-semibold transition duration-200\">Tercer a\u00f1o<\/a><br \/>\n<a href=\"#Cuarto a\u00f1o\" class=\"text-gray-700 hover:text-amber-600 font-semibold transition duration-200\">Cuarto a\u00f1o<\/a><br \/>\n<\/nav>\n<h1 class=\"text-3xl sm:text-4xl font-extrabold text-gray-900 mt-4 mb-6 text-center\">\n        Profesorado de Educaci\u00f3n Secundaria en Lengua y Literatura<\/h1>\n<p><!-- Informaci\u00f3n General y Perfil (Adaptado a Lengua y Literatura) --><\/p>\n<div class=\"lg:flex lg:space-x-8 mt-8\">\n        <!-- Columna de Informaci\u00f3n General (Sidebar) --><\/p>\n<div class=\"info_derecha lg:w-1\/3 w-full mb-8 lg:mb-0 bg-white p-6 rounded-xl shadow-2xl border border-gray-100\">\n<table class=\"info_der w-full text-sm text-gray-600\">\n<caption>\n                    <!-- Placeholder para el logo con color AMBAR --><\/p>\n<div class=\"flex justify-center mb-4\">\n                        <img decoding=\"async\" src=\"https:\/\/saltaeducs.com\/wp-content\/uploads\/2022\/09\/logo-6023.jpg\" alt=\"Logo de la Instituci\u00f3n\" class=\"w-24 h-auto rounded-lg\"><\/div>\n<\/caption>\n<caption class=\"text-xl font-bold text-gray-800 mb-4\">\n<h2>Informaci\u00f3n General<\/h2>\n<\/caption>\n<tbody class=\"divide-y divide-gray-200\">\n<tr class=\"hover:bg-gray-50\">\n<td class=\"py-3 px-1 font-bold\">T\u00edtulo a Otorgar:<\/td>\n<td class=\"py-3 px-1\">Profesor\/a de Educaci\u00f3n Secundaria en Lengua y Literatura<\/td>\n<\/tr>\n<tr class=\"hover:bg-gray-50\">\n<td class=\"py-3 px-1 font-bold\">Duraci\u00f3n:<\/td>\n<td class=\"py-3 px-1\">4 a\u00f1os<\/td>\n<\/tr>\n<tr class=\"hover:bg-gray-50\">\n<td class=\"py-3 px-1 font-bold\">Carga Horaria:<\/td>\n<td class=\"py-3 px-1\">2936 Hs. C\u00e1tedra &#8211; 2202 Hs. Reloj (Calculado de im\u00e1genes)<\/td>\n<\/tr>\n<tr class=\"hover:bg-gray-50\">\n<td class=\"py-3 px-1 font-bold\">Modalidad:<\/td>\n<td class=\"py-3 px-1\">Presencial<\/td>\n<\/tr>\n<tr class=\"hover:bg-gray-50\">\n<td class=\"py-3 px-1 font-bold\">Cursado:<\/td>\n<td class=\"py-3 px-1\">Turno Turno Tarde (Lunes a Viernes de 14 a 19 hrs)<\/td>\n<\/tr>\n<tr class=\"hover:bg-gray-50\">\n<td class=\"py-3 px-1 font-bold\">Resoluci\u00f3n:<\/td>\n<td class=\"py-3 px-1\">\n                            <!-- Color del enlace AMBAR --><br \/>\n<a class=\"text-amber-600 hover:text-amber-800 font-medium\" href=\"https:\/\/www.edusalta.gov.ar\/index.php\/docentes\/normativa-educativa\/resoluciones\/3653-res-min-n-3126-14\/file\" target=\"_blank\" rel=\"noopener\"><br \/>\nN\u00b03126\/14<br \/>\n<\/a><\/td>\n<\/tr>\n<\/tbody>\n<\/table>\n<\/div>\n<p><!-- Columna de Alcance y Perfil (Main Content) --><\/p>\n<div class=\"info lg:w-2\/3 w-full space-y-8\">\n<fieldset class=\"border border-gray-300 p-6 rounded-xl shadow-md bg-white\">\n                <!-- Leyenda color AMBAR --><\/p>\n<legend class=\"px-2 text-lg font-bold text-amber-700\">Alcance de la Carrera<\/legend>\n<p class=\"text-gray-700 leading-relaxed\">\n                    El Profesorado forma profesionales para ejercer la docencia en Lengua y Literatura en el Nivel Secundario. Capacita para dise\u00f1ar, implementar y evaluar propuestas de ense\u00f1anza que fomenten la lectura cr\u00edtica, la producci\u00f3n textual y el an\u00e1lisis de la lengua y de diversas manifestaciones literarias y discursivas, atendiendo a la diversidad de los estudiantes.<\/p>\n<\/fieldset>\n<fieldset class=\"border border-gray-300 p-6 rounded-xl shadow-md bg-white\">\n                <!-- Leyenda color AMBAR --><\/p>\n<legend class=\"px-2 text-lg font-bold text-amber-700\">Perfil del Egresado<\/legend>\n<p class=\"text-gray-700 leading-relaxed\">\n                    El egresado ser\u00e1 un especialista en la ense\u00f1anza de la Lengua y la Literatura, con dominio de los contenidos disciplinares (gram\u00e1tica, ling\u00fc\u00edstica, literatura espa\u00f1ola, argentina y universal) y de las estrategias did\u00e1cticas espec\u00edficas para el nivel secundario. Podr\u00e1 generar ambientes de aprendizaje inclusivos y significativos, promover la comprensi\u00f3n y producci\u00f3n de textos en diversos formatos y participar en proyectos institucionales y comunitarios, contribuyendo a la formaci\u00f3n integral de los adolescentes y j\u00f3venes.<\/p>\n<\/fieldset>\n<\/div>\n<\/div>\n<p><!-- Fin de Informaci\u00f3n General y Perfil --><\/p>\n<h2 class=\"plan_estudio text-3xl font-bold text-gray-900 mt-12 mb-6 text-center\">\n        Plan de Estudio<\/h2>\n<p><!-- PRIMER A\u00d1O --><\/p>\n<section id=\"Primer a\u00f1o\" class=\"mt-8\"><\/section>\n<div class=\"overflow-x-auto shadow-xl rounded-xl\">\n<table class=\"materias w-full border-collapse table-auto text-sm text-left bg-white\">\n            <!-- T\u00edtulo de la tabla color AMBAR --><\/p>\n<caption class=\"text-xl font-bold p-4 bg-amber-500 text-white rounded-t-xl\">PRIMER A\u00d1O<\/caption>\n<thead>\n<tr class=\"bg-gray-100 uppercase text-xs font-semibold text-gray-600 tracking-wider\">\n<th class=\"p-3 border-r border-gray-200\" rowspan=\"2\">C\u00d3D.<\/th>\n<th class=\"p-3 border-r border-gray-200\" rowspan=\"2\">UNIDAD CURRICULAR<\/th>\n<th class=\"p-3 border-r border-gray-200\" rowspan=\"2\">R\u00c9GIMEN<\/th>\n<th class=\"p-3 text-center\" colspan=\"2\">CORRELATIVAS<\/th>\n<\/tr>\n<tr class=\"bg-gray-100 uppercase text-xs font-semibold text-gray-600 tracking-wider\">\n<th class=\"p-3 border-r border-gray-200\">REGULAR<\/th>\n<th class=\"p-3\">APROBADO<\/th>\n<\/tr>\n<\/thead>\n<tbody class=\"divide-y divide-gray-200 text-gray-700\">\n                <!-- Datos del Primer A\u00f1o (image_a2ef60.png) --><\/p>\n<tr class=\"fila-materia\">\n<td class=\"p-3\">1<\/td>\n<td class=\"p-3\">Pedagog\u00eda<\/td>\n<td class=\"p-3\">1\u00b0 Cuatri.<\/td>\n<td class=\"p-3\">&#8212;<\/td>\n<td class=\"p-3\">&#8212;<\/td>\n<\/tr>\n<tr class=\"fila-materia\">\n<td class=\"p-3\">2<\/td>\n<td class=\"p-3\">Did\u00e1ctica General<\/td>\n<td class=\"p-3\">Anual<\/td>\n<td class=\"p-3\">&#8212;<\/td>\n<td class=\"p-3\">&#8212;<\/td>\n<\/tr>\n<tr class=\"fila-materia\">\n<td class=\"p-3\">3<\/td>\n<td class=\"p-3\">Psicolog\u00eda Educacional<\/td>\n<td class=\"p-3\">2\u00b0 Cuatri.<\/td>\n<td class=\"p-3\">&#8212;<\/td>\n<td class=\"p-3\">&#8212;<\/td>\n<\/tr>\n<tr class=\"fila-materia\">\n<td class=\"p-3\">4<\/td>\n<td class=\"p-3\">Lectura y Escritura Acad\u00e9mica (Taller)<\/td>\n<td class=\"p-3\">Anual<\/td>\n<td class=\"p-3\">&#8212;<\/td>\n<td class=\"p-3\">&#8212;<\/td>\n<\/tr>\n<tr class=\"fila-materia\">\n<td class=\"p-3\">5<\/td>\n<td class=\"p-3\">Introducci\u00f3n a la Ling\u00fc\u00edstica<\/td>\n<td class=\"p-3\">Anual<\/td>\n<td class=\"p-3\">&#8212;<\/td>\n<td class=\"p-3\">&#8212;<\/td>\n<\/tr>\n<tr class=\"fila-materia\">\n<td class=\"p-3\">6<\/td>\n<td class=\"p-3\">Introducci\u00f3n a la Literatura<\/td>\n<td class=\"p-3\">1\u00b0 Cuatri.<\/td>\n<td class=\"p-3\">&#8212;<\/td>\n<td class=\"p-3\">&#8212;<\/td>\n<\/tr>\n<tr class=\"fila-materia\">\n<td class=\"p-3\">7<\/td>\n<td class=\"p-3\">Normativa de la Lengua Espa\u00f1ola (Taller)<\/td>\n<td class=\"p-3\">1\u00b0 Cuatri.<\/td>\n<td class=\"p-3\">&#8212;<\/td>\n<td class=\"p-3\">&#8212;<\/td>\n<\/tr>\n<tr class=\"fila-materia\">\n<td class=\"p-3\">8<\/td>\n<td class=\"p-3\">Literatura Espa\u00f1ola<\/td>\n<td class=\"p-3\">2\u00b0 Cuatri.<\/td>\n<td class=\"p-3\">6<\/td>\n<td class=\"p-3\">6<\/td>\n<\/tr>\n<tr class=\"fila-materia\">\n<td class=\"p-3\">9<\/td>\n<td class=\"p-3\">Literatura Anglosajona<\/td>\n<td class=\"p-3\">2\u00b0 Cuatri.<\/td>\n<td class=\"p-3\">6<\/td>\n<td class=\"p-3\">6<\/td>\n<\/tr>\n<tr class=\"fila-materia\">\n<td class=\"p-3\">10<\/td>\n<td class=\"p-3\">Pr\u00e1ctica Docente I: Contexto, Comunidad y Escuela<\/td>\n<td class=\"p-3\">Anual<\/td>\n<td class=\"p-3\">&#8212;<\/td>\n<td class=\"p-3\">&#8212;<\/td>\n<\/tr>\n<\/tbody>\n<\/table>\n<\/div>\n<p><!-- SEGUNDO A\u00d1O --><\/p>\n<section id=\"Segundo a\u00f1o\" class=\"mt-12\"><\/section>\n<div class=\"overflow-x-auto shadow-xl rounded-xl\">\n<table class=\"materias w-full border-collapse table-auto text-sm text-left bg-white\">\n            <!-- T\u00edtulo de la tabla color AMBAR --><\/p>\n<caption class=\"text-xl font-bold p-4 bg-amber-500 text-white rounded-t-xl\">SEGUNDO A\u00d1O<\/caption>\n<thead>\n<tr class=\"bg-gray-100 uppercase text-xs font-semibold text-gray-600 tracking-wider\">\n<th class=\"p-3 border-r border-gray-200\" rowspan=\"2\">C\u00d3D.<\/th>\n<th class=\"p-3 border-r border-gray-200\" rowspan=\"2\">UNIDAD CURRICULAR<\/th>\n<th class=\"p-3 border-r border-gray-200\" rowspan=\"2\">R\u00c9GIMEN<\/th>\n<th class=\"p-3 text-center\" colspan=\"2\">CORRELATIVAS<\/th>\n<\/tr>\n<tr class=\"bg-gray-100 uppercase text-xs font-semibold text-gray-600 tracking-wider\">\n<th class=\"p-3 border-r border-gray-200\">REGULAR<\/th>\n<th class=\"p-3\">APROBADO<\/th>\n<\/tr>\n<\/thead>\n<tbody class=\"divide-y divide-gray-200 text-gray-700\">\n                <!-- Datos del Segundo A\u00f1o (image_a2ef84.png) --><br \/>\n                <!-- Correlativas extra\u00eddas de image_a2f323.png --><\/p>\n<tr class=\"fila-materia\">\n<td class=\"p-3\">11<\/td>\n<td class=\"p-3\">Sociolog\u00eda de la Educaci\u00f3n<\/td>\n<td class=\"p-3\">2\u00b0 Cuatri.<\/td>\n<td class=\"p-3\">1<\/td>\n<td class=\"p-3\">1<\/td>\n<\/tr>\n<tr class=\"fila-materia\">\n<td class=\"p-3\">12<\/td>\n<td class=\"p-3\">Historia Argentina y Latinoam\u00e9rica<\/td>\n<td class=\"p-3\">1\u00b0 Cuatri.<\/td>\n<td class=\"p-3\">&#8212;<\/td>\n<td class=\"p-3\">&#8212;<\/td>\n<\/tr>\n<tr class=\"fila-materia\">\n<td class=\"p-3\">13<\/td>\n<td class=\"p-3\">Tecnolog\u00edas de la Informaci\u00f3n y la Comunicaci\u00f3n \u2013 TICs (Taller)<\/td>\n<td class=\"p-3\">2\u00b0 Cuatri.<\/td>\n<td class=\"p-3\">&#8212;<\/td>\n<td class=\"p-3\">&#8212;<\/td>\n<\/tr>\n<tr class=\"fila-materia\">\n<td class=\"p-3\">14<\/td>\n<td class=\"p-3\">Gram\u00e1tica de la Lengua Espa\u00f1ola I<\/td>\n<td class=\"p-3\">Anual<\/td>\n<td class=\"p-3\">4 &#8211; 7<\/td>\n<td class=\"p-3\">4 &#8211; 7<\/td>\n<\/tr>\n<tr class=\"fila-materia\">\n<td class=\"p-3\">15<\/td>\n<td class=\"p-3\">Ling\u00fc\u00edstica<\/td>\n<td class=\"p-3\">Anual<\/td>\n<td class=\"p-3\">4 &#8211; 5<\/td>\n<td class=\"p-3\">4 &#8211; 5<\/td>\n<\/tr>\n<tr class=\"fila-materia\">\n<td class=\"p-3\">16<\/td>\n<td class=\"p-3\">Literatura Argentina I<\/td>\n<td class=\"p-3\">Anual<\/td>\n<td class=\"p-3\">4 &#8211; 6<\/td>\n<td class=\"p-3\">4 &#8211; 6<\/td>\n<\/tr>\n<tr class=\"fila-materia\">\n<td class=\"p-3\">17<\/td>\n<td class=\"p-3\">Literatura Hispanoamericana I<\/td>\n<td class=\"p-3\">Anual<\/td>\n<td class=\"p-3\">4 &#8211; 6 &#8211; 8<\/td>\n<td class=\"p-3\">4 &#8211; 6 &#8211; 8<\/td>\n<\/tr>\n<tr class=\"fila-materia\">\n<td class=\"p-3\">18<\/td>\n<td class=\"p-3\">Did\u00e1ctica de la Lengua y la Literatura I<\/td>\n<td class=\"p-3\">2\u00b0 Cuatri.<\/td>\n<td class=\"p-3\">2 &#8211; 4 &#8211; 5 &#8211; 6 &#8211; 7 &#8211; 8<\/td>\n<td class=\"p-3\">2 &#8211; 4 &#8211; 5 &#8211; 6 &#8211; 7 &#8211; 8<\/td>\n<\/tr>\n<tr class=\"fila-materia\">\n<td class=\"p-3\">19<\/td>\n<td class=\"p-3\">Sujetos de la Educaci\u00f3n Secundaria<\/td>\n<td class=\"p-3\">1\u00b0 Cuatri.<\/td>\n<td class=\"p-3\">3<\/td>\n<td class=\"p-3\">3<\/td>\n<\/tr>\n<tr class=\"fila-materia\">\n<td class=\"p-3\">20<\/td>\n<td class=\"p-3\">Pr\u00e1ctica Docente II: Gesti\u00f3n Institucional, Curr\u00edculum y Ense\u00f1anza<\/td>\n<td class=\"p-3\">Anual<\/td>\n<td class=\"p-3\">2 &#8211; 10<\/td>\n<td class=\"p-3\">2 &#8211; 10<\/td>\n<\/tr>\n<\/tbody>\n<\/table>\n<\/div>\n<p><!-- TERCER A\u00d1O --><\/p>\n<section id=\"Tercer a\u00f1o\" class=\"mt-12\"><\/section>\n<div class=\"overflow-x-auto shadow-xl rounded-xl\">\n<table class=\"materias w-full border-collapse table-auto text-sm text-left bg-white\">\n            <!-- T\u00edtulo de la tabla color AMBAR --><\/p>\n<caption class=\"text-xl font-bold p-4 bg-amber-500 text-white rounded-t-xl\">TERCER A\u00d1O<\/caption>\n<thead>\n<tr class=\"bg-gray-100 uppercase text-xs font-semibold text-gray-600 tracking-wider\">\n<th class=\"p-3 border-r border-gray-200\" rowspan=\"2\">C\u00d3D.<\/th>\n<th class=\"p-3 border-r border-gray-200\" rowspan=\"2\">UNIDAD CURRICULAR<\/th>\n<th class=\"p-3 border-r border-gray-200\" rowspan=\"2\">R\u00c9GIMEN<\/th>\n<th class=\"p-3 text-center\" colspan=\"2\">CORRELATIVAS<\/th>\n<\/tr>\n<tr class=\"bg-gray-100 uppercase text-xs font-semibold text-gray-600 tracking-wider\">\n<th class=\"p-3 border-r border-gray-200\">REGULAR<\/th>\n<th class=\"p-3\">APROBADO<\/th>\n<\/tr>\n<\/thead>\n<tbody class=\"divide-y divide-gray-200 text-gray-700\">\n                <!-- Datos del Tercer A\u00f1o (image_a2f247.png) --><br \/>\n                <!-- Correlativas extra\u00eddas de image_a2f343.png --><\/p>\n<tr class=\"fila-materia\">\n<td class=\"p-3\">21<\/td>\n<td class=\"p-3\">Historia y Pol\u00edtica de la Educaci\u00f3n Argentina<\/td>\n<td class=\"p-3\">1\u00b0 Cuatri.<\/td>\n<td class=\"p-3\">11 &#8211; 12<\/td>\n<td class=\"p-3\">11 &#8211; 12<\/td>\n<\/tr>\n<tr class=\"fila-materia\">\n<td class=\"p-3\">22<\/td>\n<td class=\"p-3\">Filosof\u00eda<\/td>\n<td class=\"p-3\">2\u00b0 Cuatri.<\/td>\n<td class=\"p-3\">&#8212;<\/td>\n<td class=\"p-3\">&#8212;<\/td>\n<\/tr>\n<tr class=\"fila-materia\">\n<td class=\"p-3\">23<\/td>\n<td class=\"p-3\">Inclusi\u00f3n Educativa en el Nivel Secundario<\/td>\n<td class=\"p-3\">1\u00b0 Cuatri.<\/td>\n<td class=\"p-3\">19 &#8211; 20<\/td>\n<td class=\"p-3\">19<\/td>\n<\/tr>\n<tr class=\"fila-materia\">\n<td class=\"p-3\">24<\/td>\n<td class=\"p-3\">Did\u00e1ctica Especial de la Lengua y la Literatura II<\/td>\n<td class=\"p-3\">Anual<\/td>\n<td class=\"p-3\">14 &#8211; 15 &#8211; 16 &#8211; 17 &#8211; 18 &#8211; 19 &#8211; 20<\/td>\n<td class=\"p-3\">14 &#8211; 15 &#8211; 16 &#8211; 17 &#8211; 18 &#8211; 19 &#8211; 20<\/td>\n<\/tr>\n<tr class=\"fila-materia\">\n<td class=\"p-3\">25<\/td>\n<td class=\"p-3\">Gram\u00e1tica de la Lengua Espa\u00f1ola II<\/td>\n<td class=\"p-3\">Anual<\/td>\n<td class=\"p-3\">14<\/td>\n<td class=\"p-3\">14<\/td>\n<\/tr>\n<tr class=\"fila-materia\">\n<td class=\"p-3\">26<\/td>\n<td class=\"p-3\">Literatura Hispanoamericana II (Seminario)<\/td>\n<td class=\"p-3\">1\u00b0 Cuatri.<\/td>\n<td class=\"p-3\">17<\/td>\n<td class=\"p-3\">17<\/td>\n<\/tr>\n<tr class=\"fila-materia\">\n<td class=\"p-3\">27<\/td>\n<td class=\"p-3\">Literatura Argentina II (Seminario)<\/td>\n<td class=\"p-3\">2\u00b0 Cuatri.<\/td>\n<td class=\"p-3\">16<\/td>\n<td class=\"p-3\">16<\/td>\n<\/tr>\n<tr class=\"fila-materia\">\n<td class=\"p-3\">28<\/td>\n<td class=\"p-3\">Lat\u00edn<\/td>\n<td class=\"p-3\">1\u00b0 Cuatri.<\/td>\n<td class=\"p-3\">14<\/td>\n<td class=\"p-3\">14<\/td>\n<\/tr>\n<tr class=\"fila-materia\">\n<td class=\"p-3\">29<\/td>\n<td class=\"p-3\">Psicoling\u00fc\u00edstica<\/td>\n<td class=\"p-3\">2\u00b0 Cuatri.<\/td>\n<td class=\"p-3\">14 &#8211; 15<\/td>\n<td class=\"p-3\">14 &#8211; 15<\/td>\n<\/tr>\n<tr class=\"fila-materia\">\n<td class=\"p-3\">30<\/td>\n<td class=\"p-3\">Pr\u00e1ctica Docente III: Pr\u00e1cticas de Ense\u00f1anza<\/td>\n<td class=\"p-3\">Anual<\/td>\n<td class=\"p-3\">2\u00b0 A\u00f1o<\/td>\n<td class=\"p-3\">1\u00b0 A\u00f1o &#8211; 2\u00b0 A\u00f1o<\/td>\n<\/tr>\n<\/tbody>\n<\/table>\n<\/div>\n<p><!-- CUARTO A\u00d1O --><\/p>\n<section id=\"Cuarto a\u00f1o\" class=\"mt-12\"><\/section>\n<div class=\"overflow-x-auto shadow-xl rounded-xl\">\n<table class=\"materias w-full border-collapse table-auto text-sm text-left bg-white\">\n            <!-- T\u00edtulo de la tabla color AMBAR --><\/p>\n<caption class=\"text-xl font-bold p-4 bg-amber-500 text-white rounded-t-xl\">CUARTO A\u00d1O<\/caption>\n<thead>\n<tr class=\"bg-gray-100 uppercase text-xs font-semibold text-gray-600 tracking-wider\">\n<th class=\"p-3 border-r border-gray-200\" rowspan=\"2\">C\u00d3D.<\/th>\n<th class=\"p-3 border-r border-gray-200\" rowspan=\"2\">UNIDAD CURRICULAR<\/th>\n<th class=\"p-3 border-r border-gray-200\" rowspan=\"2\">R\u00c9GIMEN<\/th>\n<th class=\"p-3 text-center\" colspan=\"2\">CORRELATIVAS<\/th>\n<\/tr>\n<tr class=\"bg-gray-100 uppercase text-xs font-semibold text-gray-600 tracking-wider\">\n<th class=\"p-3 border-r border-gray-200\">REGULAR<\/th>\n<th class=\"p-3\">APROBADO<\/th>\n<\/tr>\n<\/thead>\n<tbody class=\"divide-y divide-gray-200 text-gray-700\">\n                <!-- Datos del Cuarto A\u00f1o (image_a2f26b.png) --><br \/>\n                <!-- Correlativas extra\u00eddas de image_a2f60c.png --><\/p>\n<tr class=\"fila-materia\">\n<td class=\"p-3\">31<\/td>\n<td class=\"p-3\">Formaci\u00f3n \u00c9tica y Ciudadana<\/td>\n<td class=\"p-3\">1\u00b0 Cuatri.<\/td>\n<td class=\"p-3\">12 &#8211; 21 &#8211; 22<\/td>\n<td class=\"p-3\">12 &#8211; 21 &#8211; 22<\/td>\n<\/tr>\n<tr class=\"fila-materia\">\n<td class=\"p-3\">32<\/td>\n<td class=\"p-3\">Educaci\u00f3n Sexual Integral (Seminario)<\/td>\n<td class=\"p-3\">1\u00b0 Cuatri.<\/td>\n<td class=\"p-3\">19<\/td>\n<td class=\"p-3\">19<\/td>\n<\/tr>\n<tr class=\"fila-materia\">\n<td class=\"p-3\">33<\/td>\n<td class=\"p-3\">Literatura Rom\u00e1nicas (Seminario)<\/td>\n<td class=\"p-3\">Anual<\/td>\n<td class=\"p-3\">&#8212;<\/td>\n<td class=\"p-3\">&#8212;<\/td>\n<\/tr>\n<tr class=\"fila-materia\">\n<td class=\"p-3\">34<\/td>\n<td class=\"p-3\">Literatura en lengua portuguesa (Seminario)<\/td>\n<td class=\"p-3\">1\u00b0 Cuatri.<\/td>\n<td class=\"p-3\">26<\/td>\n<td class=\"p-3\">26<\/td>\n<\/tr>\n<tr class=\"fila-materia\">\n<td class=\"p-3\">35<\/td>\n<td class=\"p-3\">Taller de Escritura Creativa (Taller)<\/td>\n<td class=\"p-3\">Anual<\/td>\n<td class=\"p-3\">25<\/td>\n<td class=\"p-3\">25<\/td>\n<\/tr>\n<tr class=\"fila-materia\">\n<td class=\"p-3\">36<\/td>\n<td class=\"p-3\">Teatro (Taller)<\/td>\n<td class=\"p-3\">Anual<\/td>\n<td class=\"p-3\">&#8212;<\/td>\n<td class=\"p-3\">&#8212;<\/td>\n<\/tr>\n<tr class=\"fila-materia\">\n<td class=\"p-3\">37<\/td>\n<td class=\"p-3\">EDI: Socioling\u00fc\u00edstica, Teor\u00eda Literaria y sus di\u00e1logos (Seminario)<\/td>\n<td class=\"p-3\">2\u00b0 Cuatri.<\/td>\n<td class=\"p-3\">&#8212;<\/td>\n<td class=\"p-3\">&#8212;<\/td>\n<\/tr>\n<tr class=\"fila-materia\">\n<td class=\"p-3\">38<\/td>\n<td class=\"p-3\">Ling\u00fc\u00edstica del texto (Taller)<\/td>\n<td class=\"p-3\">Anual<\/td>\n<td class=\"p-3\">25 &#8211; 29<\/td>\n<td class=\"p-3\">25 &#8211; 29<\/td>\n<\/tr>\n<tr class=\"fila-materia\">\n<td class=\"p-3\">39<\/td>\n<td class=\"p-3\">Problem\u00e1ticas de la Ense\u00f1anza en Lengua y Literatura (Seminario)<\/td>\n<td class=\"p-3\">1\u00b0 Cuatri.<\/td>\n<td class=\"p-3\">23 &#8211; 24 &#8211; 30<\/td>\n<td class=\"p-3\">23 &#8211; 24 &#8211; 30<\/td>\n<\/tr>\n<tr class=\"fila-materia\">\n<td class=\"p-3\">40<\/td>\n<td class=\"p-3\">Pr\u00e1ctica Docente IV: Residencia<\/td>\n<td class=\"p-3\">Anual<\/td>\n<td class=\"p-3\">25 &#8211; 30<\/td>\n<td class=\"p-3\">25 &#8211; 30<\/td>\n<\/tr>\n<\/tbody>\n<\/table>\n<\/div>\n<p><!-- Navegaci\u00f3n Inferior - Colores AMBAR --><\/p>\n<nav class=\"mi-boton mt-12 mb-8 p-3 rounded-xl flex flex-wrap justify-center gap-4 bg-gray-100 shadow-lg\">\n        <a href=\"https:\/\/ies6023-sal.infd.edu.ar\/sitio\" class=\"text-gray-700 hover:text-amber-600 font-semibold transition duration-200\">Volver al inicio<\/a><br \/>\n<a href=\"#top\" class=\"text-gray-700 hover:text-amber-600 font-semibold transition duration-200\">Volver hacia arriba<\/a><br \/>\n<\/nav>\n<\/div>\n","protected":false},"excerpt":{"rendered":"<p>Profesorado de Educaci\u00f3n Secundaria en Lengua y Literatura Primer a\u00f1o Segundo a\u00f1o Tercer a\u00f1o Cuarto a\u00f1o Profesorado de Educaci\u00f3n Secundaria en Lengua y Literatura Informaci\u00f3n General T\u00edtulo a Otorgar: Profesor\/a de Educaci\u00f3n Secundaria en Lengua y Literatura Duraci\u00f3n: 4 a\u00f1os Carga Horaria: 2936 Hs. C\u00e1tedra &#8211; 2202 Hs. Reloj (Calculado de im\u00e1genes) Modalidad: Presencial Cursado: &#8230; <a title=\"Profesorado de Educaci\u00f3n Secundaria en Lengua y Literatura\" class=\"read-more\" href=\"https:\/\/ies6023-sal.infd.edu.ar\/sitio\/profesorado-de-tercer-ciclo-de-la-e-g-b-y-educ-polimodal-en-lengua\/\" aria-label=\"More on Profesorado de Educaci\u00f3n Secundaria en Lengua y Literatura\">[+]<\/a><\/p>\n","protected":false},"author":214,"featured_media":0,"parent":0,"menu_order":0,"comment_status":"closed","ping_status":"closed","template":"","meta":[],"acf":[],"_links":{"self":[{"href":"https:\/\/ies6023-sal.infd.edu.ar\/sitio\/wp-json\/wp\/v2\/pages\/774"}],"collection":[{"href":"https:\/\/ies6023-sal.infd.edu.ar\/sitio\/wp-json\/wp\/v2\/pages"}],"about":[{"href":"https:\/\/ies6023-sal.infd.edu.ar\/sitio\/wp-json\/wp\/v2\/types\/page"}],"author":[{"embeddable":true,"href":"https:\/\/ies6023-sal.infd.edu.ar\/sitio\/wp-json\/wp\/v2\/users\/214"}],"replies":[{"embeddable":true,"href":"https:\/\/ies6023-sal.infd.edu.ar\/sitio\/wp-json\/wp\/v2\/comments?post=774"}],"version-history":[{"count":4,"href":"https:\/\/ies6023-sal.infd.edu.ar\/sitio\/wp-json\/wp\/v2\/pages\/774\/revisions"}],"predecessor-version":[{"id":1359,"href":"https:\/\/ies6023-sal.infd.edu.ar\/sitio\/wp-json\/wp\/v2\/pages\/774\/revisions\/1359"}],"wp:attachment":[{"href":"https:\/\/ies6023-sal.infd.edu.ar\/sitio\/wp-json\/wp\/v2\/media?parent=774"}],"curies":[{"name":"wp","href":"https:\/\/api.w.org\/{rel}","templated":true}]}}