{"id":286,"date":"2016-10-31T13:17:59","date_gmt":"2016-10-31T16:17:59","guid":{"rendered":"https:\/\/ies6023-sal.infd.edu.ar\/sitio\/?page_id=286"},"modified":"2025-11-13T17:40:51","modified_gmt":"2025-11-13T20:40:51","slug":"inicio","status":"publish","type":"page","link":"https:\/\/ies6023-sal.infd.edu.ar\/sitio\/","title":{"rendered":"PRUEBITA"},"content":{"rendered":"<div id=\"metaslider-id-403\" style=\"width: 100%;\" class=\"ml-slider-3-33-0 metaslider metaslider-flex metaslider-403 ml-slider ms-theme-default\" role=\"region\" aria-roledescription=\"Slideshow\" aria-label=\"Slideshow\">\n    <div id=\"metaslider_container_403\">\n        <div id=\"metaslider_403\" class=\"flexslider\">\n            <ul aria-live=\"polite\" class=\"slides\">\n                <li style=\"display: block; width: 100%;\" class=\"slide-607 ms-image\" aria-roledescription=\"slide\" aria-label=\"slide-607\"><a href=\"https:\/\/mapa.infd.edu.ar\/\" target=\"_blank\"><img src=\"https:\/\/ies6023-sal.infd.edu.ar\/sitio\/wp-content\/uploads\/2018\/06\/mapa_infd6-1100x200.png\" height=\"200\" width=\"1100\" alt=\"\" class=\"slider-403 slide-607\" title=\"mapa_infd6\" \/><\/a><\/li>\n                <li style=\"display: none; width: 100%;\" class=\"slide-609 ms-image\" aria-roledescription=\"slide\" aria-label=\"slide-609\"><a href=\"https:\/\/www.argentina.gob.ar\/educacion\/becas\" target=\"_blank\"><img src=\"https:\/\/ies6023-sal.infd.edu.ar\/sitio\/wp-content\/uploads\/2018\/06\/becas7-1100x200.png\" height=\"200\" width=\"1100\" alt=\"\" class=\"slider-403 slide-609\" title=\"becas7\" \/><\/a><\/li>\n                <li style=\"display: none; width: 100%;\" class=\"slide-635 ms-image\" aria-roledescription=\"slide\" aria-label=\"slide-635\"><a href=\"https:\/\/www.argentina.gob.ar\/tema\/estudiar\/formacion-docencia\" target=\"_blank\"><img src=\"https:\/\/ies6023-sal.infd.edu.ar\/sitio\/wp-content\/uploads\/2018\/06\/convocatorias_slide6-1-1100x200.png\" height=\"200\" width=\"1100\" alt=\"\" class=\"slider-403 slide-635\" title=\"convocatorias_slide6-1\" \/><\/a><\/li>\n            <\/ul>\n        <\/div>\n        \n    <\/div>\n<\/div>\n<table id=\"table1\" class=\"aligncenter\" style=\"border-top-width: 0px; border-left-width: 0px; border-right-width: 0px; width: 500px;\" border=\"1\" cellspacing=\"0\" cellpadding=\"10\">\n<tbody style=\"text-align: left;\">\n<tr style=\"text-align: left;\">\n<td style=\"border: 1px solid;\">\n<h4 style=\"text-align: center;\"><strong>Instituto de Ense\u00f1anza Superior\u00a0<\/strong><br \/><strong>N\u00ba 6.023<\/strong><br \/><strong>\u00abDr. Alfredo Loutaif\u00bb<\/strong><br \/><strong>Or\u00e1n &#8211; Salta<\/strong><\/p>\n<p><strong><img decoding=\"async\" loading=\"lazy\" class=\"alignnone size-full wp-image-845\" src=\"https:\/\/ies6023-sal.infd.edu.ar\/sitio\/wp-content\/uploads\/2024\/03\/412278177_881439813686329_7757458441060970145_n-1.jpg\" alt=\"\" width=\"720\" height=\"538\" \/><\/strong><br \/><span style=\"font-family: 'comic sans ms', sans-serif; color: #000080; font-size: 12pt;\" data-mce-mark=\"1\">2024: 41 a\u00f1os de trayectoria<\/span><br \/><span style=\"font-family: 'comic sans ms', sans-serif; color: #000080; font-size: 12pt;\" data-mce-mark=\"1\">Este Instituto Superior de Formaci\u00f3n Docente forma parte del sistema de educaci\u00f3n p\u00fablica de gesti\u00f3n estatal.<\/span><\/h4>\n<h4 style=\"text-align: center;\"><span style=\"color: #000080;\"><span style=\"font-family: 'comic sans ms', sans-serif;\" data-mce-mark=\"1\"><span style=\"font-size: 12pt;\" data-mce-mark=\"1\">A trav\u00e9s de este sitio en Internet, nuestro Instituto podr\u00e1 comunicar novedades, acercar informaci\u00f3n<\/span><\/span><span style=\"font-size: 12pt;\" data-mce-mark=\"1\">, <\/span><span style=\"font-family: 'comic sans ms', sans-serif;\" data-mce-mark=\"1\"><span style=\"font-size: 12pt;\" data-mce-mark=\"1\">compartir <\/span><\/span><span style=\"font-size: 12pt;\" data-mce-mark=\"1\"><span style=\"font-family: book antiqua,palatino;\" data-mce-mark=\"1\"><span style=\"font-family: 'comic sans ms', sans-serif;\" data-mce-mark=\"1\">experiencias y brindar <\/span><span style=\"font-family: 'comic sans ms', sans-serif;\" data-mce-mark=\"1\">apoyo y asesoramiento a\u00a0alumnos,<\/span><\/span> <span style=\"font-family: 'comic sans ms', sans-serif;\" data-mce-mark=\"1\">docentes e interesados en formar parte de <\/span><span style=\"font-family: 'comic sans ms', sans-serif;\" data-mce-mark=\"1\">esta comunidad educativa.<\/span><\/span><\/span><span style=\"color: #ff6600; font-family: comic sans ms,sans-serif;\" data-mce-mark=\"1\"><span style=\"font-size: 10pt;\" data-mce-mark=\"1\">\u00a0<span style=\"font-size: 12pt; color: #000080;\" data-mce-mark=\"1\"> Junto con varios cientos de Institutos, integramos la <strong>\u00abRed\u00a0Virtual de <\/strong><\/span><\/span><span style=\"font-size: 12pt; color: #000080;\" data-mce-mark=\"1\"><strong>Institutos Superiores de Formaci\u00f3n Docente\u00bb<\/strong>\u00a0coordinada por el <strong>INFD<\/strong> (Instituto Nacional de Formaci\u00f3n Docente <\/span><\/span><span style=\"color: #000080; font-family: 'comic sans ms', sans-serif;\" data-mce-mark=\"1\"><span style=\"font-size: 12pt;\" data-mce-mark=\"1\">dependiente del Ministerio de Educaci\u00f3n).<\/span><\/span><\/h4>\n<p style=\"text-align: center;\">\u00a0<\/p>\n<\/td>\n<\/tr>\n<\/tbody>\n<\/table>\n<p>&nbsp;<\/p>\n","protected":false},"excerpt":{"rendered":"<p>Instituto de Ense\u00f1anza Superior\u00a0N\u00ba 6.023\u00abDr. Alfredo Loutaif\u00bbOr\u00e1n &#8211; Salta 2024: 41 a\u00f1os de trayectoriaEste Instituto Superior de Formaci\u00f3n Docente forma parte del sistema de educaci\u00f3n p\u00fablica de gesti\u00f3n estatal. A trav\u00e9s de este sitio en Internet, nuestro Instituto podr\u00e1 comunicar novedades, acercar informaci\u00f3n, compartir experiencias y brindar apoyo y asesoramiento a\u00a0alumnos, docentes e interesados en &#8230; <a title=\"PRUEBITA\" class=\"read-more\" href=\"https:\/\/ies6023-sal.infd.edu.ar\/sitio\/\" aria-label=\"More on PRUEBITA\">[+]<\/a><\/p>\n","protected":false},"author":1,"featured_media":0,"parent":0,"menu_order":0,"comment_status":"closed","ping_status":"closed","template":"","meta":[],"acf":[],"_links":{"self":[{"href":"https:\/\/ies6023-sal.infd.edu.ar\/sitio\/wp-json\/wp\/v2\/pages\/286"}],"collection":[{"href":"https:\/\/ies6023-sal.infd.edu.ar\/sitio\/wp-json\/wp\/v2\/pages"}],"about":[{"href":"https:\/\/ies6023-sal.infd.edu.ar\/sitio\/wp-json\/wp\/v2\/types\/page"}],"author":[{"embeddable":true,"href":"https:\/\/ies6023-sal.infd.edu.ar\/sitio\/wp-json\/wp\/v2\/users\/1"}],"replies":[{"embeddable":true,"href":"https:\/\/ies6023-sal.infd.edu.ar\/sitio\/wp-json\/wp\/v2\/comments?post=286"}],"version-history":[{"count":127,"href":"https:\/\/ies6023-sal.infd.edu.ar\/sitio\/wp-json\/wp\/v2\/pages\/286\/revisions"}],"predecessor-version":[{"id":1343,"href":"https:\/\/ies6023-sal.infd.edu.ar\/sitio\/wp-json\/wp\/v2\/pages\/286\/revisions\/1343"}],"wp:attachment":[{"href":"https:\/\/ies6023-sal.infd.edu.ar\/sitio\/wp-json\/wp\/v2\/media?parent=286"}],"curies":[{"name":"wp","href":"https:\/\/api.w.org\/{rel}","templated":true}]}}